(d) - 2*b(d). Calculate n(1).
14
Let z be (3 + -9 - -4)/(2/(-3)). Suppose g + 18 = -z*u, 0*g = -5*g - u - 34. Let j(t) = t - 5. What is j(g)?
-11
Let f = 11 + -5. Let i(n) be the third derivative of -n**6/120 + n**5/15 + 3*n**4/8 - n**3/2 - 8*n**2 - 6*n - 3. Give i(f).
-21
Let n(s) = 4*s**3 - 11*s**2 - 2. Let g(i) = -2*i**3 + 5*i**2 + 1. Let y = -459 - -446. Let j(b) = y*g(b) - 6*n(b). Let k be (2 - 1)*(0 - -1). Give j(k).
2
Let j be 1400/525 + (0 - (-1)/3). Let r(q) be the third derivative of -q**6/120 + q**4/6 + 22*q**2. What is r(j)?
-15
Let m(u) = u**2 - u - 3. Let d(g) = -104*g + 11 + 106*g + 0 - 3 - 3*g**2. Let t(r) = 6*d(r) + 17*m(r). Calculate t(-3).
3
Let n(t) = 111*t**3 - 268*t**2 + 270*t**2 + 8 - 6*t - 108*t**3. What is n(2)?
28
Let h be 7*(-2)/((1 + 5 - 4)*1). Let b(a) = -2*a - 19. Calculate b(h).
-5
Let z be (-16 - -10) + (0 - -3). Let i(d) = 2*d**3 + 6*d**2 + 4*d - 2. Determine i(z).
-14
Let x(n) = 2515*n + 20119. Let g be x(-8). Let t(q) = -9*q**2 + 5*q**2 + q - 10*q**2. Calculate t(g).
-15
Let p(y) = -y**2 + y - 1. Suppose 0 = 3*x + 3*u + 42, -11*u + 32 = -2*x - 9*u. Let r be (x/(-6))/((-15)/(-12)). Calculate p(r).
-3
Let g(p) = 2*p**3 - 37*p**2 + 9*p + 5. Let i(t) = 21*t**2 - 5*t - 3. Let d(w) = -3*g(w) - 5*i(w). Calculate d(1).
-2
Suppose 170 = -5*b - 2*x, 0 = 4*b - 5*b + 3*x - 17. Let p be (b/(-48))/(26/(-30) - -1). Suppose -2*j = -7*j + p. Let y(g) = 2*g**3 + g. Calculate y(j).
3
Suppose -4*t - 35 = -15. Let h = -2 - -4. Let x(i) = 2*i + 29*i**h + 2 - 8*i - 30*i**2. Determine x(t).
7
Suppose -5*w = 10*w - 32*w + 34. Let q(f) be the second derivative of -5/2*f**w - 2*f - 2/3*f**3 + 0 - 1/12*f**4. Determine q(-5).
-10
Suppose -4*v - 107 = -2*n + 27, 4*n + 5*v - 255 = 0. Suppose -y = -14*y - n. Let r(g) = g**2 + 5. Calculate r(y).
30
Let n(c) = -10 - 3*c**3 + 2*c**3 + 7*c - 6*c + c**2 + 0*c**3 + 9*c. Determine n(3).
2
Suppose -2*l = 7 + 9. Let y(o) = -471*o + 25. Let w(m) = -113*m + 6. Let u(a) = -25*w(a) + 6*y(a). What is u(l)?
8
Let g(s) = -121*s**3 - 37*s**2 - 23*s - 33. Let m(u) = 27*u**3 + 9*u**2 + 6*u + 8. Let j(c) = -2*g(c) - 9*m(c). What is j(-3)?
-18
Let z(c) = 4*c + 6. Let n = 47 - 26. Suppose -3*y - 4*l - n = -6*y, -3*y - 4*l = 3. Suppose 3*p + 3 = -4*x, y*x + 8 - 32 = 3*p. Give z(p).
-14
Let g(m) = -m**2 - 9*m + 17. Let s be g(-9). Let p(w) = s*w**3 + 9*w - 29 + 28 - 11*w. What is p(-1)?
-16
Let k = 4 + 1. Let q(h) = -5*h - 288. Let s(g) = -11*g - 717. Let m(d) = -5*q(d) + 2*s(d). What is m(k)?
21
Let f(y) = -y - 2. Let h = -58 - -56. Let p(k) = -2*k**3 + k**2 - 2*k + 2. Let l be p(h). Let v be 5/((-25)/(-2)) + l/10. Determine f(v).
-5
Let f(p) = 4*p**3 + 37*p**2 - 87*p + 11. Let t(n) = -6*n**3 - 58*n**2 + 140*n - 17. Let j(c) = -8*f(c) - 5*t(c). Suppose 3*x + 3 = -3. Determine j(x).
-3
Let z(t) = -t**2 - 22*t - 19. Let c be z(-21). Suppose -2*m = -3*y - 248, c*m + 246 = 4*m - 4*y. Let u(a) = 129 - m + 3*a - 4*a. What is u(7)?
-5
Let a(d) = -4 - d - 8 - 27 - 11 - 4 + 60. Let v = 0 + -5. Determine a(v).
11
Let g = 460 + -235. Let b be (-8)/(-100) - 18/g. Let l(s) = 2*s + 3*s - 9 - 4*s. What is l(b)?
-9
Let b = 347 - 340. Let a(z) = b*z**3 + 5*z**2 - 3*z**3 - z - 5*z**3 - 5 + 0*z**3. Determine a(4).
7
Let v(x) = 2*x**2 - 16*x + 19. Let c = 2903 - 2898. Determine v(c).
-11
Let q be -26 + 2380/136*2/5. Let v(n) = -n**2 - 17*n - 34. Give v(q).
-72
Let s = 11 - 15. Let c(n) = -8*n**2 - 7*n + 8. Let r(p) = 0*p**2 + 11*p - 4*p**2 - 12 + 17*p**2. Let l(t) = 8*c(t) + 5*r(t). What is l(s)?
24
Let z(d) = 2*d - 1098 - 3*d + 1047 - 2*d - d. Determine z(-16).
13
Let v(h) = 4*h - 4. Let x(q) = 4*q - 5. Let y(k) = -6*v(k) + 7*x(k). Let t be y(4). Let a(c) = -1 - t - c**2 + 43*c - 36*c. Give a(7).
-6
Suppose -2*u + 165 = -t, 2*u + t = 5*u - 249. Suppose -10*r + u = 4*r. Let b(q) = q**2 - 3*q + 2. Determine b(r).
20
Let v(c) = c**2 + 4*c - 2. Let g(x) = 2*x**3 + 15*x**2 + 11*x + 28. Let y be g(-7). Let m = 10 + -13. Let r be y + (13 + m)/(-2). Calculate v(r).
3
Let t be 8/(-6)*9/(-4). Let s(b) = 0*b - 3*b - 2 + t*b - 5*b. Let j = -409 + 405. Determine s(j).
18
Let u(x) be the first derivative of -21/2*x**2 + x - 19. Calculate u(-1).
22
Let i(a) be the third derivative of a**5/15 - 13*a**4/12 - 5*a**3/6 + 1173*a**2. What is i(7)?
9
Let r be (10/3)/(19/114). Suppose 2*w = 2*f - 2*w + 8, -5*f = 3*w + r. Let t(g) = g - 2. Let n(v) = v - 2. Let o(h) = 3*n(h) - 4*t(h). What is o(f)?
6
Let g(l) = -113*l - 3043. Let s be g(-27). Let u(x) = -2*x**2 + 15*x + 10. Give u(s).
2
Suppose 39*o - 20 + 7 = 182. Let m(f) = -f + 8. Let z(a) = 1. Let g(r) = m(r) - 3*z(r). Calculate g(o).
0
Suppose -3*m = -7 + 1. Let u be (40/6)/(-5)*-3. Let r(g) = -u*g + 52 - 25 + g**2 + g**3 - 24. Give r(m).
7
Let c(n) = -7*n + 43. Let b be -24 - 2736/(-112) - 6/14. Calculate c(b).
43
Suppose 0*a + 41*a + 41 = 0. Let p(x) = 10*x**2 - 9*x - 8. What is p(a)?
11
Let y(u) be the second derivative of u**5/20 - 19*u**4/12 + 8*u**3 - 5*u**2/2 + 37*u - 11. What is y(16)?
-5
Let x(l) = -2*l**2 - 26*l - 23. Let y(t) = 396*t + 3553. Let n be y(-9). Calculate x(n).
21
Let f(c) = -89 + 30 + 22 + 8*c + 18. Give f(9).
53
Suppose -25 = -5*w + 798*l - 797*l, -1 = -w + l. Let o(q) be the first derivative of 2*q**2 - 13*q + 4. Calculate o(w).
11
Let l = -46 - -45. Let f be l + 24/9*3. Let k(z) = z**2 + f - 2 - 1 + 8*z - 15*z. Give k(7).
4
Let q(p) = -30*p**2 - 445 + 128 + p**3 + 142 + p + 146. Calculate q(30).
1
Let i = -1551 + 1546. Let x(v) = 29*v + 150. What is x(i)?
5
Let l(m) = -m - 3. Let k(r) = 2*r + 4. Suppose 0 = -5*o + 5*n, -4 = n - 6. Let d(q) = o*k(q) + 3*l(q). Let g(w) = 2*w - 31. Let i be g(14). What is d(i)?
-4
Let t(m) = -28*m - 120. Let y(g) = 9*g + 39. Let k(s) = s**3 - 5*s**2 + 7*s - 5. Let n be k(4). Let f(l) = n*y(l) + 2*t(l). Calculate f(-4).
5
Suppose 7*j - 13*j = -24. Suppose 3*n - 3*w - 9 = 0, j*n = -3*w + 24 - 5. Suppose 3*v + 12 = -h + 4*h, n*v + 13 = h. Let p(g) = 3*g**2. What is p(h)?
3
Let f be ((-4920)/(-1968))/((-5)/(-28)). Let m(y) = y**2 - 8*y - 21. Give m(f).
63
Suppose -12*w - 425 = -341. Let l(r) = 2*r + 25. Determine l(w).
11
Suppose -6*o + 57 = 27. Let k(h) = -h**3 + 7*h**2 - 4*h - 25. What is k(o)?
5
Let x(g) be the third derivative of g**5/60 + g**4/8 - 2*g**3/3 - 9782*g**2. Let b be (-8)/6*(2 + 1). Determine x(b).
0
Let m(o) = 46*o**2 - 193*o - 702. Let z(v) = 18*v**2 - 99*v - 351. Let b(w) = 2*m(w) - 5*z(w). Give b(-51).
-6
Let r be 8/((5 + -4)/(1 - -1)). Let o(j) = r*j - 3*j - 16*j - 22. Determine o(-7).
-1
Let b = 168 - 155. Suppose -p - b + 22 = 0. Let i(l) = 2*l - 6. Give i(p).
12
Let z(i) be the third derivative of i**7/840 - i**6/180 + i**5/60 + 13*i**3/6 + 81*i**2. Let p(y) be the third derivative of z(y). What is p(2)?
8
Let s(p) = p**2 + 7*p - 4. Let h = 121 + -125. Let g be (h/6)/(36/378). Calculate s(g).
-4
Let q = 4 - 1. Let w(u) = 4*u**2 + 3*u - 1. Let m(b) = -11*b**2 - 8*b + 2. Let o(s) = q*m(s) + 8*w(s). Calculate o(4).
-18
Let y(z) = z**3 + 11*z**2 - 2*z - 15. Let q = 97 - 69. Let l be q/14*(-44)/8. What is y(l)?
7
Let s be ((-174)/(-348))/(1/(-6)). Let u(a) = a**3 + 3*a**2 + 9*a + 29. Calculate u(s).
2
Let h(i) be the second derivative of i**4/4 + i**3/6 - 8*i + 230. Let v = -9 - -11. Suppose 2*l - 6 = -v. What is h(l)?
14
Let n = -9025 + 9029. Let a(g) = g + 11. Determine a(n).
15
Let u(z) be the second derivative of z**5/120 - 3*z**4/8 - 5*z**3/2 + 135*z. Let w(m) be the second derivative of u(m). Give w(3).
-6
Let s(m) = 6*m**2 + m - 14. Let g(q) = 7*q**2 - 15. Let x(c) = -5*g(c) + 6*s(c). Let r = 75 + -97. Let a = -30 - r. What is x(a)?
7
Suppose 3*u + 2*x + 0*x + 27 = 0, 4*x = 5*u + 23. Let o be -1 - (2 + u - (1 - 3)). Let q(k) = -k**o + 6*k + 12 + 2*k**2 - 6. Determine q(-4).
-2
Let x(v) = -v**3 + 8*v**2 + 8*v + 14. Let w be x(9). Suppose -w = -6*z + 7. Let s(d) = 8*d - 1. Give s(z).
15
Let o(i) = 2000 - 1039 + 6*i - 1069. What is o(19)?
6
Let s(a) = -72*a - 729. Let d be s(-10). Let o(p) = -p**3 - 10*p**2 - 14*p - 5. Determine o(d).
40
Suppose 7*h = 22*h - 30. Let s be 2 + 2 - (3 - (8 - h)). Let a(b) = -b + 10. Give a(s).
3
Let o(z) = -z + 5. Let j(q) = 2*q**3 - 134*q**2 + 137*q - 315. Let m be j(66). What is o(m)?
-10
Let p be (294/147)/(3 + -2). Let x(h) = -29*h**2 + 4*h - 4. Calculate x(p).
-112
Let f(d) be the thi